{"id":12,"date":"2017-07-02T06:08:12","date_gmt":"2017-07-02T06:08:12","guid":{"rendered":"http:\/\/localhost\/olio\/?page_id=12"},"modified":"2023-03-15T09:09:57","modified_gmt":"2023-03-15T09:09:57","slug":"business","status":"publish","type":"page","link":"https:\/\/www.molitorovskastran.cz\/","title":{"rendered":"\u00davod"},"content":{"rendered":"<p>[vc_section][vc_row][vc_column]                <section class=\"hero agency-hero parallax\" data-bg-image=\"http:\/\/www.molitorovskastran.cz\/wp-content\/uploads\/2023\/02\/Snimek-obrazovky-2023-02-02-v-9.05.17.png\">\r\n            <div class=\"container\">\r\n                <div class=\"video-wrapper wow fadeInUpSlow\">\r\n                    <span class=\"video-btn\">\r\n                        <a href=\"https:\/\/www.youtube.com\/embed\/6Ct1YUyVjZU\" class=\"video-play\" data-type=\"iframe\"><i class=\"fa fa-play\"><\/i><\/a>\r\n                    <\/span>\r\n                <\/div>\r\n                <span class=\"sub-title wow fadeInUpSlow\" data-wow-delay=\"0.5s\"><\/span>\r\n                <h1 class=\"wow fadeInUpSlow\" data-wow-delay=\"1s\">Molitorovsk\u00e1 str\u00e1\u0148<\/h1>\r\n            <\/div> <!-- end container -->\r\n        <\/section>   \r\n                        \r\n        \r\n        [\/vc_column][\/vc_row][\/vc_section][vc_section el_id=&#8221;o projektu&#8221; css=&#8221;.vc_custom_1675332993394{padding-top: 125px !important;padding-bottom: 30px !important;background-color: #ffffff !important;}&#8221; el_class=&#8221;o-projektu&#8221;][vc_row][vc_column width=&#8221;1\/6&#8243;][\/vc_column][vc_column width=&#8221;2\/3&#8243;][vc_custom_heading text=&#8221;O projektu&#8221; font_container=&#8221;tag:h1|text_align:center|color:%233aaa35&#8243; google_fonts=&#8221;font_family:Montserrat%3Aregular%2C700|font_style:700%20bold%20regular%3A700%3Anormal&#8221;][vc_empty_space][\/vc_column][vc_column width=&#8221;1\/6&#8243;][\/vc_column][\/vc_row][vc_row el_class=&#8221;container&#8221;][vc_column width=&#8221;1\/6&#8243; el_class=&#8221;row agency-grids&#8221;][\/vc_column][vc_column width=&#8221;2\/3&#8243;][vc_column_text]<\/p>\n<p style=\"text-align: center;\">Pl\u00e1nujete stavbu vlastn\u00edho rodinn\u00e9ho domu v\u00a0dosahu Prahy, ale z\u00e1rove\u0148 chcete m\u00edt bl\u00edzko k\u00a0p\u0159\u00edrod\u011b? Nebo jen chcete vyu\u017e\u00edt zaj\u00edmav\u00e9 investi\u010dn\u00ed p\u0159\u00edle\u017eitosti k\u00a0ulo\u017een\u00ed voln\u00fdch prost\u0159edk\u016f? Pokud jste alespo\u0148 jednou odpov\u011bd\u011bli ano, r\u00e1di bychom V\u00e1m p\u0159edstavili projekt Molitorovsk\u00e1 str\u00e1\u0148 u Kou\u0159imi.<\/p>\n<p>[\/vc_column_text][vc_empty_space][\/vc_column][vc_column width=&#8221;1\/6&#8243;][\/vc_column][\/vc_row][vc_row][vc_column width=&#8221;1\/6&#8243;][\/vc_column][vc_column width=&#8221;2\/3&#8243;][vc_custom_heading text=&#8221;Charakteristika projektu&#8221; font_container=&#8221;tag:h2|text_align:center|color:%23000000&#8243; google_fonts=&#8221;font_family:Montserrat%3Aregular%2C700|font_style:700%20bold%20regular%3A700%3Anormal&#8221;][vc_empty_space][\/vc_column][vc_column width=&#8221;1\/6&#8243;][\/vc_column][\/vc_row][vc_row][vc_column width=&#8221;1\/6&#8243;][\/vc_column][vc_column width=&#8221;2\/3&#8243;][vc_column_text]<\/p>\n<p style=\"text-align: center;\">Celkem 28 stavebn\u00edch parcel s\u00a0p\u0159ipojen\u00edm k\u00a0s\u00edt\u00edm a komunikac\u00edm<\/p>\n<p style=\"text-align: center;\">Molitorov u Kou\u0159imi<span class=\"Apple-converted-space\">\u00a0<\/span><\/p>\n<p style=\"text-align: center;\">V\u00fdm\u011bra pozemk\u016f od 620 m<sup>2<\/sup><\/p>\n<p style=\"text-align: center;\">Cena pozemk\u016f od 1.860.000,- K\u010d za pozemek<\/p>\n<p style=\"text-align: center;\">Ide\u00e1ln\u00ed domov v klidn\u00e9 \u010d\u00e1sti malebn\u00e9ho malom\u011bsta s bohatou tradic\u00ed a histori\u00ed<\/p>\n<p style=\"text-align: center;\">P\u0159\u00edroda, bezpe\u010d\u00ed a klid pouze 30 minut na v\u00fdchod od Prahy<\/p>\n<p style=\"text-align: center;\">Bohat\u00e9 volno\u010dasov\u00e9 vy\u017eit\u00ed pro rodiny s d\u011btmi<\/p>\n<p style=\"text-align: center;\">Golfov\u00e9 h\u0159i\u0161t\u011b p\u0159es ulici<\/p>\n<p style=\"text-align: center;\">Bohat\u00e1 ob\u010dansk\u00e1 vybavenost (Z\u0160, M\u0160, sportovn\u00ed hala, etc.)<\/p>\n<p>[\/vc_column_text][vc_empty_space][\/vc_column][vc_column width=&#8221;1\/6&#8243;][\/vc_column][\/vc_row][vc_row][vc_column][vc_single_image image=&#8221;308&#8243; img_size=&#8221;full&#8221; alignment=&#8221;center&#8221;][\/vc_column][\/vc_row][\/vc_section][vc_section el_class=&#8221;lokalita&#8221; css=&#8221;.vc_custom_1678301671478{padding-bottom: 0px !important;}&#8221; el_id=&#8221;lokalita&#8221;][vc_row][vc_column width=&#8221;1\/6&#8243;][\/vc_column][vc_column width=&#8221;2\/3&#8243;][vc_custom_heading text=&#8221;Lokalita&#8221; font_container=&#8221;tag:h1|text_align:center|color:%233aaa35&#8243; google_fonts=&#8221;font_family:Montserrat%3Aregular%2C700|font_style:700%20bold%20regular%3A700%3Anormal&#8221;][vc_empty_space height=&#8221;62px&#8221;][\/vc_column][vc_column width=&#8221;1\/6&#8243;][\/vc_column][\/vc_row][vc_row el_class=&#8221;container&#8221;][vc_column width=&#8221;1\/2&#8243; el_class=&#8221;agency-team-grids&#8221;]\r\n                <div class=\"panel-group\" id=\"accordion\">\r\n                    <div class=\"panel panel-default\">\r\n                    <div class=\"panel-heading\">\r\n                        <a data-toggle=\"collapse\" data-parent=\"#accordion\" href=\"#01\" aria-expanded=\"true\"><span>1.<\/span> Um\u00edst\u011bn\u00ed<\/a>\r\n                    <\/div>\r\n                    <div id=\"01\" class=\"panel-collapse collapse in\">\r\n                        <div class=\"panel-body\">\r\n                            <p>Projekt Molitorovsk\u00e1 str\u00e1\u0148 se nach\u00e1z\u00ed na okraji malebn\u00e9ho historick\u00e9ho m\u011bsta Kou\u0159im, kde vznikl seri\u00e1l Bylo n\u00e1s p\u011bt. Le\u017e\u00ed p\u0159ibli\u017en\u011b 30 km v\u00fdchodn\u011b od Prahy na trase p\u0159es \u0158\u00ed\u010dany (25 minut) a Kostelec nad \u010cern\u00fdmi lesy (10 minut). Kol\u00edn a Kutn\u00e1 hora jsou vzd\u00e1leny zhruba 25 minut.<\/p>\r\n                        <\/div>\r\n                    <\/div>\r\n                <\/div><div class=\"panel panel-default\">\r\n                    <div class=\"panel-heading\">\r\n                        <a data-toggle=\"collapse\" data-parent=\"#accordion\" href=\"#02\" aria-expanded=\"true\"><span>2.<\/span> Okol\u00ed<\/a>\r\n                    <\/div>\r\n                    <div id=\"02\" class=\"panel-collapse collapse\">\r\n                        <div class=\"panel-body\">\r\n                            <p>Projekt je zasazen do sousedstv\u00ed dvou historick\u00fdch z\u00e1me\u010dk\u016f a golfov\u00e9ho h\u0159i\u0161t\u011b v\u00a0m\u00edrn\u00e9m svahu v\u00a0m\u00edstn\u00ed \u010d\u00e1sti Molitorov, kter\u00e1 z\u00edskala sv\u00e9 pojmenov\u00e1n\u00ed po francouzsk\u00e9m \u0161lechtici Ji\u0159\u00edm Molitoru z\u00a0M\u00fchlfeldu. Z\u00a0okol\u00ed se p\u0159\u00edmo nab\u00edz\u00ed proch\u00e1zka po historick\u00e9m centru Kou\u0159imi nebo v\u00fdlet do Pos\u00e1zav\u00ed \u010di Vod\u011bradsk\u00fdch bu\u010din.<\/p>\r\n                        <\/div>\r\n                    <\/div>\r\n                <\/div><div class=\"panel panel-default\">\r\n                    <div class=\"panel-heading\">\r\n                        <a data-toggle=\"collapse\" data-parent=\"#accordion\" href=\"#03\" aria-expanded=\"true\"><span>3.<\/span> Kou\u0159im<\/a>\r\n                    <\/div>\r\n                    <div id=\"03\" class=\"panel-collapse collapse\">\r\n                        <div class=\"panel-body\">\r\n                            <p>Samotn\u00e9 m\u011bsto Kou\u0159im nab\u00edz\u00ed velmi dobrou ob\u010danskou vybavenost. Naleznete zde mate\u0159skou i z\u00e1kladn\u00ed \u0161kolu, obchod, l\u00e9ka\u0159e, l\u00e9k\u00e1rnu, po\u0161tu, restaurace a mnoho sportovn\u00edch a z\u00e1jmov\u00fdch spolk\u016f v\u010detn\u011b golfov\u00e9ho klubu a fotbalov\u00e9ho h\u0159i\u0161t\u011b. M\u011bsto Kou\u0159im m\u00e1 velice dobr\u00e9 dopravn\u00ed spojen\u00ed a to jak autobusovou tak i \u017eelezni\u010dn\u00ed dopravou. St\u0159edn\u00ed \u0161koly se pak nach\u00e1zej\u00ed v\u00a0dojezdov\u00e9 vzd\u00e1lenosti Kol\u00edna, Kutn\u00e9 hory a \u0158\u00ed\u010dan.<\/p>\r\n                        <\/div>\r\n                    <\/div>\r\n                <\/div>\r\n        \t\t<\/div>[\/vc_column][vc_column width=&#8221;1\/2&#8243;][vc_video link=&#8221;https:\/\/youtu.be\/6Ct1YUyVjZU&#8221;][\/vc_column][\/vc_row][vc_row][vc_column][vc_empty_space][vc_gmaps link=&#8221;#E-8_JTNDaWZyYW1lJTIwc3JjJTNEJTIyaHR0cHMlM0ElMkYlMkZ3d3cuZ29vZ2xlLmNvbSUyRm1hcHMlMkZlbWJlZCUzRnBiJTNEJTIxMW0xOCUyMTFtMTIlMjExbTMlMjExZDI1NjQuNzgxMTE0MDM0NjgwNyUyMTJkMTQuOTU5NjM2MzE1NjI1MDQ0JTIxM2Q0OS45OTY3MTMwNzk0MTUyOTQlMjEybTMlMjExZjAlMjEyZjAlMjEzZjAlMjEzbTIlMjExaTEwMjQlMjEyaTc2OCUyMTRmMTMuMSUyMTNtMyUyMTFtMiUyMTFzMHgwJTI1M0EweDg3NmQ5ZTY1YzQ3N2UyN2UlMjEyek5EbkNzRFU1SnpRNExqSWlUaUF4Tk1Ld05UY25OREl1TmlKRiUyMTVlMCUyMTNtMiUyMTFzY3MlMjEyc2N6JTIxNHYxNjc1MzMzNTQ2NTYyJTIxNW0yJTIxMXNjcyUyMTJzY3olMjIlMjB3aWR0aCUzRCUyMjYwMCUyMiUyMGhlaWdodCUzRCUyMjQ1MCUyMiUyMHN0eWxlJTNEJTIyYm9yZGVyJTNBMCUzQiUyMiUyMGFsbG93ZnVsbHNjcmVlbiUzRCUyMiUyMiUyMGxvYWRpbmclM0QlMjJsYXp5JTIyJTIwcmVmZXJyZXJwb2xpY3klM0QlMjJuby1yZWZlcnJlci13aGVuLWRvd25ncmFkZSUyMiUzRSUzQyUyRmlmcmFtZSUzRQ==&#8221;][\/vc_column][\/vc_row][\/vc_section][vc_section el_id=&#8221;kontakt&#8221; el_class=&#8221;contact-section&#8221; css=&#8221;.vc_custom_1677835532992{padding-top: 125px !important;padding-bottom: 120px !important;}&#8221;][vc_row el_class=&#8221;container contact-block&#8221;][vc_column][vc_custom_heading text=&#8221;KONTAKT&#8221; font_container=&#8221;tag:h1|text_align:left|color:%233aaa35&#8243; google_fonts=&#8221;font_family:Montserrat%3Aregular%2C700|font_style:700%20bold%20regular%3A700%3Anormal&#8221;]<div class=\"section-title\">\r\n                    <h2><\/h2>\r\n                    <p><\/p>\r\n                    <\/div><div class=\"contact-info\">\r\n                        <p>Pokud V\u00e1s projekt Molitorovsk\u00e1 str\u00e1\u0148 zaujal, ozv\u011bte se n\u00e1m a my V\u00e1m pov\u00edme v\u00edce. T\u011b\u0161\u00edme se na shledanou.<\/p>\r\n                            <ul>\r\n                                <li>\r\n                                    <span class=\"icon\">\r\n                                        <i class=\"fi flaticon-windows\"><\/i>\r\n                                    <\/span>\r\n                                    49.9967131N, 14.9618250E\r\n                                <\/li>\r\n                                <li>\r\n                                    <span class=\"icon\">\r\n                                        <i class=\"fi flaticon-technology\"><\/i>\r\n                                    <\/span>\r\n                                    <p>+420 606 037 429 <\/p>\r\n                                <\/li>\r\n                                <li>\r\n                                    <span class=\"icon\">\r\n                                        <i class=\"fi flaticon-mail\"><\/i>\r\n                                    <\/span>\r\n                                    <p>info@molitorovskastran.cz<\/p>\r\n                                <\/li>\r\n                            <\/ul>\r\n                        <\/div>\r\n                        <div class=\"contact-form\">\r\n                        <div class=\"wpcf7 no-js\" id=\"wpcf7-f14-o1\" lang=\"cs-CZ\" dir=\"ltr\">\n<div class=\"screen-reader-response\"><p role=\"status\" aria-live=\"polite\" aria-atomic=\"true\"><\/p> <ul><\/ul><\/div>\n<form action=\"\/index.php?rest_route=%2Fwp%2Fv2%2Fpages%2F12#wpcf7-f14-o1\" method=\"post\" class=\"wpcf7-form init\" aria-label=\"Kontaktn\u00ed formul\u00e1\u0159\" novalidate=\"novalidate\" data-status=\"init\">\n<div style=\"display: none;\">\n<input type=\"hidden\" name=\"_wpcf7\" value=\"14\" \/>\n<input type=\"hidden\" name=\"_wpcf7_version\" value=\"5.7.2\" \/>\n<input type=\"hidden\" name=\"_wpcf7_locale\" value=\"cs_CZ\" \/>\n<input type=\"hidden\" name=\"_wpcf7_unit_tag\" value=\"wpcf7-f14-o1\" \/>\n<input type=\"hidden\" name=\"_wpcf7_container_post\" value=\"0\" \/>\n<input type=\"hidden\" name=\"_wpcf7_posted_data_hash\" value=\"\" \/>\n<\/div>\n<div class=\"form\" id=\"contact-form2\">\n\t<div>\n\t\t<p><span class=\"wpcf7-form-control-wrap\" data-name=\"text\"><input size=\"40\" class=\"wpcf7-form-control wpcf7-text wpcf7-validates-as-required form-control\" aria-required=\"true\" aria-invalid=\"false\" placeholder=\"Jm\u00e9no a p\u0159\u00edjmen\u00ed\" value=\"\" type=\"text\" name=\"text\" \/><\/span>\n\t\t<\/p>\n\t<\/div>\n\t<div>\n\t\t<p><span class=\"wpcf7-form-control-wrap\" data-name=\"email\"><input size=\"40\" class=\"wpcf7-form-control wpcf7-text wpcf7-email wpcf7-validates-as-required wpcf7-validates-as-email form-control\" aria-required=\"true\" aria-invalid=\"false\" placeholder=\"Email\" value=\"\" type=\"email\" name=\"email\" \/><\/span>\n\t\t<\/p>\n\t<\/div>\n\t<div>\n\t\t<p><span class=\"wpcf7-form-control-wrap\" data-name=\"textarea\"><textarea cols=\"40\" rows=\"10\" class=\"wpcf7-form-control wpcf7-textarea wpcf7-validates-as-required form-control\" aria-required=\"true\" aria-invalid=\"false\" placeholder=\"Zpr\u00e1va\" name=\"textarea\"><\/textarea><\/span>\n\t\t<\/p>\n\t<\/div>\n\t<div class=\"submit-btn\">\n\t\t<div class=\"btn-wrapper\">\n\t\t\t<p><input class=\"wpcf7-form-control has-spinner wpcf7-submit btn agency-theme-btn\" type=\"submit\" value=\"Odeslat\" \/>\n\t\t\t<\/p>\n\t\t<\/div>\n\t<\/div>\n\t<div class=\"col col-md-12 error-handling-messages\">\n\t\t<div id=\"success\">\n\t\t\t<p>D\u011bkujeme\n\t\t\t<\/p>\n\t\t<\/div>\n\t\t<div id=\"error\">\n\t\t\t<p> Error occurred while sending email. Please try again later.\n\t\t\t<\/p>\n\t\t<\/div>\n\t<\/div>\n<\/div><div class=\"wpcf7-response-output\" aria-hidden=\"true\"><\/div><\/form><\/div>\r\n                        <\/div>[\/vc_column][\/vc_row][\/vc_section]<\/p>\n","protected":false},"excerpt":{"rendered":"<p>[vc_section][vc_row][vc_column][\/vc_column][\/vc_row][\/vc_section][vc_section el_id=&#8221;o projektu&#8221; css=&#8221;.vc_custom_1675332993394{padding-top: 125px !important;padding-bottom: 30px !important;background-color: #ffffff !important;}&#8221; el_class=&#8221;o-projektu&#8221;][vc_row][vc_column width=&#8221;1\/6&#8243;][\/vc_column][vc_column width=&#8221;2\/3&#8243;][vc_custom_heading text=&#8221;O projektu&#8221; font_container=&#8221;tag:h1|text_align:center|color:%233aaa35&#8243; google_fonts=&#8221;font_family:Montserrat%3Aregular%2C700|font_style:700%20bold%20regular%3A700%3Anormal&#8221;][vc_empty_space][\/vc_column][vc_column width=&#8221;1\/6&#8243;][\/vc_column][\/vc_row][vc_row el_class=&#8221;container&#8221;][vc_column width=&#8221;1\/6&#8243; el_class=&#8221;row agency-grids&#8221;][\/vc_column][vc_column width=&#8221;2\/3&#8243;][vc_column_text] Pl\u00e1nujete stavbu vlastn\u00edho rodinn\u00e9ho domu v\u00a0dosahu Prahy, ale z\u00e1rove\u0148 chcete m\u00edt bl\u00edzko k\u00a0p\u0159\u00edrod\u011b? Nebo jen chcete vyu\u017e\u00edt [&hellip;]<\/p>\n","protected":false},"author":1,"featured_media":0,"parent":0,"menu_order":0,"comment_status":"closed","ping_status":"closed","template":"","meta":{"_mi_skip_tracking":false,"footnotes":""},"class_list":["post-12","page","type-page","status-publish","hentry"],"aioseo_notices":[],"post_mailing_queue_ids":[],"_links":{"self":[{"href":"https:\/\/www.molitorovskastran.cz\/index.php?rest_route=\/wp\/v2\/pages\/12","targetHints":{"allow":["GET"]}}],"collection":[{"href":"https:\/\/www.molitorovskastran.cz\/index.php?rest_route=\/wp\/v2\/pages"}],"about":[{"href":"https:\/\/www.molitorovskastran.cz\/index.php?rest_route=\/wp\/v2\/types\/page"}],"author":[{"embeddable":true,"href":"https:\/\/www.molitorovskastran.cz\/index.php?rest_route=\/wp\/v2\/users\/1"}],"replies":[{"embeddable":true,"href":"https:\/\/www.molitorovskastran.cz\/index.php?rest_route=%2Fwp%2Fv2%2Fcomments&post=12"}],"version-history":[{"count":11,"href":"https:\/\/www.molitorovskastran.cz\/index.php?rest_route=\/wp\/v2\/pages\/12\/revisions"}],"predecessor-version":[{"id":450,"href":"https:\/\/www.molitorovskastran.cz\/index.php?rest_route=\/wp\/v2\/pages\/12\/revisions\/450"}],"wp:attachment":[{"href":"https:\/\/www.molitorovskastran.cz\/index.php?rest_route=%2Fwp%2Fv2%2Fmedia&parent=12"}],"curies":[{"name":"wp","href":"https:\/\/api.w.org\/{rel}","templated":true}]}}